2579, 5881
List the prime factors of 56854828.
2, 14213707
List the prime factors of 44748843.
3, 14916281
What are the prime factors of 80883489?
3, 73, 369331
What are the prime factors of 331114556?
2, 83, 997333
What are the prime factors of 1101463317?
3, 67, 1826639
List the prime factors of 906505529.
906505529
What are the prime factors of 46436215?
5, 7, 53, 25033
What are the prime factors of 51878521?
51878521
List the prime factors of 156511070.
2, 5, 59, 265273
List the prime factors of 148999966.
2, 349, 213467
List the prime factors of 12072495.
3, 5, 804833
List the prime factors of 88413777.
3, 967, 10159
List the prime factors of 45446945.
5, 9089389
List the prime factors of 23154904.
2, 59, 49057
List the prime factors of 157062206.
2, 7, 97, 115657
What are the prime factors of 27935050?
2, 5, 11, 13, 3907
List the prime factors of 618736571.
199, 983, 3163
List the prime factors of 269048185.
5, 7, 347, 22153
List the prime factors of 302761694.
2, 19, 643, 12391
List the prime factors of 44294613.
3, 11, 1342261
List the prime factors of 56271245.
5, 11254249
List the prime factors of 688539453.
3, 7, 439, 74687
What are the prime factors of 106687414?
2, 61, 874487
What are the prime factors of 2735520167?
17, 73, 283, 7789
List the prime factors of 45055327.
19, 137, 911
What are the prime factors of 94500385?
5, 7, 173, 15607
List the prime factors of 245220217.
11, 22292747
What are the prime factors of 65674669?
73, 241, 3733
What are the prime factors of 1990539237?
3, 19, 34921741
What are the prime factors of 2039205290?
2, 5, 203920529
List the prime factors of 220856123.
220856123
List the prime factors of 2489240038.
2, 47, 26481277
List the prime factors of 186175962.
2, 3, 7, 53, 9293
What are the prime factors of 265047133?
13, 79, 409, 631
What are the prime factors of 286152792?
2, 3, 83, 143651
List the prime factors of 107285687.
107285687
List the prime factors of 175020618.
2, 3, 29170103
List the prime factors of 14410633.
43, 335131
List the prime factors of 425751023.
139, 3062957
List the prime factors of 41525422.
2, 20762711
What are the prime factors of 129097287?
3, 11, 83, 5237
List the prime factors of 32063738.
2, 7, 97, 3373
What are the prime factors of 11689265?
5, 7, 331, 1009
What are the prime factors of 1057886187?
3, 787, 448067
What are the prime factors of 1032315904?
2, 19, 97, 547
What are the prime factors of 35534217?
3, 1831, 6469
What are the prime factors of 1382016508?
2, 103, 3354409
List the prime factors of 80059581.
3, 7, 379, 479
List the prime factors of 5159620850.
2, 5, 103192417
What are the prime factors of 1392296557?
47, 151, 196181
List the prime factors of 3788725144.
2, 4643, 102001
What are the prime factors of 179639348?
2, 7, 6415691
What are the prime factors of 43596826?
2, 7, 13, 239543
List the prime factors of 374245627.
7, 23, 2324507
List the prime factors of 187313109.
3, 73, 855311
What are the prime factors of 284235335?
5, 107, 531281
What are the prime factors of 397304508?
2, 3, 101, 327809
List the prime factors of 18854887.
17, 509, 2179
List the prime factors of 9536803.
19, 107, 4691
List the prime factors of 4363923963.
3, 7, 12841, 16183
What are the prime factors of 197540486?
2, 11, 13, 62791
List the prime factors of 134080066.
2, 4759, 14087
What are the prime factors of 1422282679?
17, 1499, 55813
List the prime factors of 3712443959.
7, 617, 859561
List the prime factors of 72971095.
5, 661, 22079
List the prime factors of 1850904836.
2, 11, 19, 2214001
What are the prime factors of 80373920?
2, 5, 11, 45667
What are the prime factors of 763938694?
2, 383, 997309
What are the prime factors of 225608412?
2, 3, 18800701
What are the prime factors of 888769804?
2, 13, 2729, 6263
List the prime factors of 6786133.
37, 4957
List the prime factors of 5597766.
2, 3, 310987
List the prime factors of 141058389.
3, 1129, 41647
What are the prime factors of 76169176?
2, 19, 313, 1601
List the prime factors of 989237761.
241, 4104721
What are the prime factors of 6806322921?
3, 2268774307
List the prime factors of 5271092916.
2, 3, 3673, 119591
What are the prime factors of 173055423?
3, 31, 1123, 1657
What are the prime factors of 69225320?
2, 5, 29, 83, 719
What are the prime factors of 1002908801?
1002908801
List the prime factors of 414736821.
3, 15360623
What are the prime factors of 2071018388?
2, 7561, 68477
List the prime factors of 13407690.
2, 3, 5, 37, 47, 257
What are the prime factors of 2138069512?
2, 23, 233, 49871
What are the prime factors of 2460034538?
2, 13, 17, 19, 53, 5527
List the prime factors of 1233979644.
2, 3, 757, 135841
What are the prime factors of 46453610?
2, 5, 7, 269, 2467
List the prime factors of 42884274.
2, 3, 83, 86113
List the prime factors of 289686295.
5, 57937259
What are the prime factors of 43898357?
911, 48187
List the prime factors of 121021807.
103, 1174969
List the prime factors of 20604919.
41, 307, 1637
List the prime factors of 4016203782.
2, 3, 669367297
List the prime factors of 96852258.
2, 3, 5380681
What are the prime factors of 1373724953?
10663, 128831
List the prime factors of 145600226.
2, 72800113
List the prime factors of 708517843.
11, 41, 59, 26627
What are the prime factors of 271769677?
3319, 81883
What are the prime factors of 2888496482?
2, 1444248241
What are the prime factors of 28503316?
2, 7125829
List the prime factors of 2802950582.
2, 17, 82439723
What are the prime factors of 1457125261?
71, 20522891
List the prime factors of 17240569.
3863, 4463
What are the prime factors of 3795756295?
5, 229, 3315071
What are the prime factors of 1659274588?
2, 414818647
What are the prime factors of 125000582?
2, 7, 19, 24733
List the prime factors of 633433000.
2, 5, 43, 14731
List the prime factors of 544047103.
691, 787333
What are the prime factors of 717993968?
2, 41, 53, 107, 193
List the prime factors of 7341143561.
7341143561
List the prime factors of 91396952.
2, 47, 243077
List the prime factors of 59832600.
2, 3, 5, 99721
What are the prime factors of 709473286?
2, 11971, 29633
What are the prime factors of 1842044933?
4219, 436607
List the prime factors of 1698362631.
3, 7, 26958137
List the prime factors of 1181476336.
2, 17, 41, 105943
What are the prime factors of 2060568758?
2, 23, 44794973
List the prime factors of 405995473.
13, 31230421
What are the prime factors of 234524704?
2, 1531, 4787
List the prime factors of 37007694.
2, 3, 103, 19961
What are the prime factors of 30514613?
30514613
What are the prime factors of 1269734189?
127, 431, 23197
List the prime factors of 40986526.
2, 7, 31, 94439
What are the prime factors of 75039971?
71, 269, 3929
List the prime factors of 6046238660.
2, 5, 7, 11, 3926129
What are the prime factors of 1261483686?
2, 3, 89, 199, 1319
What are the prime factors of 253106266?
2, 7, 173, 14929
List the prime factors of 14648694.
2, 3, 2441449
List the prime factors of 486420844.
2, 7, 13, 349, 547
What are the prime factors of 246883107?
3, 82294369
What are the prime factors of 884334263?
61, 139, 104297
List the prime factors of 5837834342.
2, 661, 1163, 3797
What are the prime factors of 393344390?
2, 5, 23, 1710193
What are the prime factors of 277665990?
2, 3, 5, 7, 1322219
List the prime factors of 454727750.
2, 5, 59, 30829
What are the prime factors of 52141083?
3, 647, 26863
List the prime factors of 24045638.
2, 12022819
List the prime factors of 7769318.
2, 3884659
List the prime factors of 884799200.
2, 5, 1105999
List the prime factors of 30826794.
2, 3, 97, 52967
What are the prime factors of 305482177?
7, 11, 13, 79, 3863
What are the prime factors of 3797923174?
2, 2753, 689779
List the prime factors of 443601708.
2, 3, 11, 367, 9157
List the prime factors of 7503928163.
17, 441407539
List the prime factors of 38587941.
3, 7, 29167
List the prime factors of 600886974.
2, 3, 100147829
List the prime factors of 2023211874.
2, 3, 37, 547, 16661
What are the prime factors of 6638387899?
11, 13, 46422293
What are the prime factors of 9193628?
2, 251, 9157
List the prime factors of 4741486479.
3, 526831831
What are the prime factors of 90699251?
90699251
List the prime factors of 63661694.
2, 73, 271, 1609
What 